315.
5
What is the highest common factor of 4114 and 2222?
22
What is the greatest common divisor of 20 and 2970820?
20
Calculate the highest common divisor of 189373 and 19.
19
Calculate the highest common divisor of 63 and 42469.
7
Calculate the greatest common divisor of 10206 and 12999.
21
What is the greatest common divisor of 4162175 and 25?
25
Calculate the greatest common factor of 314 and 22922.
314
Calculate the highest common divisor of 4238473 and 386.
193
What is the greatest common factor of 4473 and 7171?
71
Calculate the highest common factor of 68024 and 176.
88
What is the highest common factor of 285 and 14649?
57
What is the highest common factor of 7527 and 39?
39
What is the greatest common divisor of 14 and 50701?
7
What is the greatest common divisor of 75 and 200775?
75
Calculate the highest common divisor of 14448 and 3024.
336
Calculate the highest common divisor of 1252256 and 8.
8
What is the greatest common divisor of 50240 and 5966?
314
Calculate the highest common divisor of 4164 and 28416.
12
What is the highest common factor of 31938 and 6?
6
Calculate the highest common factor of 2460 and 1826140.
820
Calculate the greatest common factor of 9803052 and 756.
756
Calculate the greatest common factor of 6213 and 14231.
19
Calculate the highest common divisor of 117 and 7709.
13
Calculate the highest common divisor of 114938 and 7474.
202
What is the greatest common divisor of 5289 and 1599?
123
What is the highest common divisor of 1375 and 66?
11
What is the highest common divisor of 225 and 2225?
25
What is the greatest common factor of 107471 and 364?
91
What is the highest common factor of 134398 and 164?
82
What is the highest common divisor of 682542 and 126?
126
What is the greatest common divisor of 7905 and 1488?
93
Calculate the highest common factor of 427 and 21167.
61
Calculate the highest common divisor of 273 and 290602.
13
What is the highest common divisor of 4209 and 690?
69
What is the highest common factor of 74126 and 104?
26
Calculate the highest common factor of 42 and 598612.
14
Calculate the greatest common factor of 90 and 28287.
9
Calculate the highest common factor of 398 and 46964.
398
Calculate the greatest common divisor of 25494 and 147.
21
Calculate the greatest common factor of 1309 and 36839.
187
What is the greatest common divisor of 3092095 and 31?
31
Calculate the greatest common divisor of 208710 and 540.
270
Calculate the highest common factor of 8684 and 403.
13
What is the greatest common factor of 2787040 and 40?
40
What is the greatest common divisor of 60405 and 270?
15
What is the highest common factor of 39 and 94179?
3
Calculate the highest common factor of 1869 and 126.
21
Calculate the greatest common factor of 3 and 121854.
3
Calculate the highest common factor of 228294 and 1386.
198
What is the highest common divisor of 36769 and 1909?
83
What is the highest common factor of 135297 and 243?
27
Calculate the greatest common divisor of 2868085 and 165.
55
What is the greatest common divisor of 1991 and 3883?
11
Calculate the greatest common divisor of 152 and 451592.
152
What is the highest common factor of 47968 and 184?
8
What is the highest common factor of 211 and 19?
1
What is the highest common factor of 8 and 98776?
8
Calculate the greatest common divisor of 781 and 120629.
71
What is the highest common divisor of 2508 and 18744?
132
What is the greatest common factor of 341 and 16?
1
Calculate the greatest common factor of 117360 and 24.
24
What is the greatest common divisor of 2499 and 292740?
357
What is the greatest common factor of 179462 and 732?
122
What is the greatest common divisor of 99 and 1545093?
99
Calculate the greatest common factor of 23625 and 427.
7
What is the highest common factor of 187 and 9163?
187
Calculate the highest common factor of 33160 and 240.
40
What is the greatest common divisor of 348 and 12093?
87
Calculate the highest common divisor of 2637 and 3924.
9
What is the highest common divisor of 144 and 13428?
36
Calculate the greatest common divisor of 191429 and 812.
203
What is the greatest common divisor of 1064 and 123158?
266
Calculate the highest common factor of 504 and 2058.
42
What is the highest common factor of 156 and 2704?
52
What is the highest common divisor of 507611 and 351?
13
What is the highest common factor of 138 and 146694?
138
Calculate the highest common divisor of 574024 and 1408.
88
What is the greatest common divisor of 63181 and 46?
23
What is the greatest common divisor of 200 and 2300?
100
What is the greatest common divisor of 12733 and 1666?
119
Calculate the highest common factor of 61834 and 3698.
86
Calculate the greatest common factor of 50965 and 5.
5
What is the highest common factor of 1350 and 92610?
270
What is the highest common divisor of 125 and 51595?
5
What is the highest common divisor of 148168 and 24?
8
Calculate the highest common factor of 168 and 1361892.
84
Calculate the greatest common divisor of 896 and 200.
8
Calculate the highest common factor of 184983 and 197.
197
What is the greatest common factor of 37802 and 41246?
82
What is the highest common factor of 20 and 114020?
20
What is the greatest common divisor of 16807 and 42189?
343
Calculate the greatest common divisor of 30644 and 170.
2
Calculate the greatest common divisor of 30 and 1990.
10
What is the greatest common divisor of 66726 and 54?
18
Calculate the highest common factor of 207 and 293211.
9
What is the highest common factor of 347199 and 6?
3
What is the greatest common divisor of 23322 and 483?
69
Calculate the greatest common divisor of 1540125 and 750.
375
What is the highest common factor of 402388 and 98?
98
What is the highest common divisor of 121 and 43494?
11
What is the greatest common divisor of 151554 and 48633?
1131
Calculate the highest common divisor of 1343 and 79.
79
Calculate the greatest common divisor of 60 and 788565.
15
Calculate the greatest common divisor of 5877 and 93.
3
What is the greatest common divisor of 1287 and 130559?
143
What is the highest common divisor of 80 and 1940?
20
What is the greatest common divisor of 1479 and 11339?
493
Calculate the greatest common divisor of 1479 and 9945.
51
What is the greatest common divisor of 46 and 828299?
23
What is the greatest common factor of 344385 and 135?
135
What is the greatest common factor of 7519 and 10877?
73
Calculate the highest common divisor of 2335498 and 6009.
2003
Calculate the greatest common factor of 371 and 46799.
53
What is the highest common factor of 240 and 1435230?
30
Calculate the highest common factor of 7712 and 256.
32
Calculate the highest common divisor of 3185 and 56875.
455
Calculate the highest common divisor of 8800 and 12900.
100
Calculate the greatest common divisor of 4 and 2885.
1
Calculate the greatest common divisor of 1264 and 5378952.
632
What is the greatest common factor of 14668 and 7676?
76
Calculate the greatest common divisor of 35 and 71015.
35
What is the highest common factor of 469 and 3350?
67
Calculate the highest common factor of 1 and 9047.
1
What is the highest common factor of 4191 and 10922?
127
Calculate the greatest common factor of 59547 and 897.
69
Calculate the highest common divisor of 11470 and 8680.
310
Calculate the highest common divisor of 572 and 6214.
26
What is the highest common factor of 4926 and 618?
6
Calculate the highest common factor of 150 and 344950.
50
What is the greatest common factor of 266 and 88046?
266
What is the highest common factor of 11649904 and 41?
41
Calculate the greatest common divisor of 22018 and 33128.
202
Calculate the highest common divisor of 1822543 and 138.
23
Calculate the greatest common factor of 24092 and 33440.
76
Calculate the highest common divisor of 530 and 210.
10
What is the greatest common factor of 13107 and 4626?
771
Calculate the highest common factor of 209 and 1505152.
11
What is the highest common divisor of 50271 and 27?
3
What is the highest common factor of 703337 and 316?
79
Calculate the greatest common factor of 96 and 12912.
48
Calculate the highest common divisor of 12 and 215160.
12
Calculate the highest common divisor of 24 and 62072.
8
Calculate the highest common factor of 69 and 